{"id":7699,"date":"2021-05-13T16:30:49","date_gmt":"2021-05-13T16:30:49","guid":{"rendered":"https:\/\/cdes.org.ec\/webantigua\/?page_id=7699"},"modified":"2021-08-18T13:22:41","modified_gmt":"2021-08-18T13:22:41","slug":"cifras","status":"publish","type":"page","link":"https:\/\/cdes.org.ec\/webantigua\/cifras\/","title":{"rendered":"Cifras"},"content":{"rendered":"<p><span style=\"vertical-align: inherit;\"><span style=\"vertical-align: inherit;\">En esta secci\u00f3n se puede encontrar un monitoreo del comportamiento fiscal relacionado con los impuestos directos e indirectos a nivel nacional y por grupos econ\u00f3micos.<\/span><\/span><\/p>\n<p><a class=\"fusion-one-page-text-link\" href=\"#cif_tab_1\"><span style=\"vertical-align: inherit;\"><span style=\"vertical-align: inherit;\">Marco de monitoreo de Justicia Fiscal<\/span><\/span><\/a><span style=\"vertical-align: inherit;\"><span style=\"vertical-align: inherit;\"> da seguimiento a los impuestos recaudados por la administraci\u00f3n tributaria y los agrupamos en categor\u00edas para mostrar la evoluci\u00f3n de los impuestos directos e indirectos. <\/span><span style=\"vertical-align: inherit;\">La clasificaci\u00f3n de los impuestos es la misma que usa el SRI en sus informes anuales.<\/span><\/span><\/p>\n<p><a class=\"fusion-one-page-text-link\" href=\"#cif_tab_2\"><span style=\"vertical-align: inherit;\"><span style=\"vertical-align: inherit;\">Comportamiento fiscal de corporaciones<\/span><\/span><\/a><span style=\"vertical-align: inherit;\"><span style=\"vertical-align: inherit;\"> re\u00fane las tablas de grupos econ\u00f3micos reportados por el SRI desde el a\u00f1o 2009 hasta la actualidad. <\/span><span style=\"vertical-align: inherit;\">Aqu\u00ed, el usuario puede procesar la informaci\u00f3n por a\u00f1o, empresa, grupo econ\u00f3mico, impuesto, etc. Se puede encontrar informaci\u00f3n sobre ingresos, impuestos causados, activos, deudas y patrimonios.<\/span><\/span><\/p>\n","protected":false},"excerpt":{"rendered":"<p>En esta secci\u00f3n se puede encontrar un monitoreo del comportamiento [&hellip;]<\/p>\n","protected":false},"author":1,"featured_media":0,"parent":0,"menu_order":0,"comment_status":"closed","ping_status":"closed","template":"page-cifras.php","meta":{"_siteseo_robots_primary_cat":"","_joinchat":[],"footnotes":""},"class_list":["post-7699","page","type-page","status-publish","hentry"],"_links":{"self":[{"href":"https:\/\/cdes.org.ec\/webantigua\/wp-json\/wp\/v2\/pages\/7699","targetHints":{"allow":["GET"]}}],"collection":[{"href":"https:\/\/cdes.org.ec\/webantigua\/wp-json\/wp\/v2\/pages"}],"about":[{"href":"https:\/\/cdes.org.ec\/webantigua\/wp-json\/wp\/v2\/types\/page"}],"author":[{"embeddable":true,"href":"https:\/\/cdes.org.ec\/webantigua\/wp-json\/wp\/v2\/users\/1"}],"replies":[{"embeddable":true,"href":"https:\/\/cdes.org.ec\/webantigua\/wp-json\/wp\/v2\/comments?post=7699"}],"version-history":[{"count":6,"href":"https:\/\/cdes.org.ec\/webantigua\/wp-json\/wp\/v2\/pages\/7699\/revisions"}],"predecessor-version":[{"id":8306,"href":"https:\/\/cdes.org.ec\/webantigua\/wp-json\/wp\/v2\/pages\/7699\/revisions\/8306"}],"wp:attachment":[{"href":"https:\/\/cdes.org.ec\/webantigua\/wp-json\/wp\/v2\/media?parent=7699"}],"curies":[{"name":"wp","href":"https:\/\/api.w.org\/{rel}","templated":true}]}}